, 769
What are the prime factors of 6814?
2, 3407
List the prime factors of 11726.
2, 11, 13, 41
What are the prime factors of 21641?
17, 19, 67
List the prime factors of 10571.
11, 31
What are the prime factors of 5694?
2, 3, 13, 73
What are the prime factors of 11905?
5, 2381
List the prime factors of 1180.
2, 5, 59
List the prime factors of 23899.
23899
List the prime factors of 22030.
2, 5, 2203
List the prime factors of 505.
5, 101
What are the prime factors of 8482?
2, 4241
List the prime factors of 759.
3, 11, 23
What are the prime factors of 2300?
2, 5, 23
List the prime factors of 69.
3, 23
What are the prime factors of 1191?
3, 397
List the prime factors of 5258.
2, 11, 239
List the prime factors of 1135.
5, 227
List the prime factors of 10339.
7, 211
What are the prime factors of 1083?
3, 19
List the prime factors of 1973.
1973
What are the prime factors of 5035?
5, 19, 53
List the prime factors of 5917.
61, 97
What are the prime factors of 30021?
3, 10007
List the prime factors of 18237.
3, 6079
List the prime factors of 11375.
5, 7, 13
List the prime factors of 15416.
2, 41, 47
What are the prime factors of 1091?
1091
What are the prime factors of 2852?
2, 23, 31
What are the prime factors of 731?
17, 43
List the prime factors of 790.
2, 5, 79
What are the prime factors of 116113?
116113
What are the prime factors of 60843?
3, 17, 1193
What are the prime factors of 715?
5, 11, 13
List the prime factors of 69793.
71, 983
List the prime factors of 819.
3, 7, 13
What are the prime factors of 10517?
13, 809
What are the prime factors of 245?
5, 7
List the prime factors of 129435.
3, 5, 8629
What are the prime factors of 7082?
2, 3541
What are the prime factors of 62398?
2, 7, 4457
What are the prime factors of 6883?
6883
What are the prime factors of 3378?
2, 3, 563
What are the prime factors of 7330?
2, 5, 733
List the prime factors of 2511.
3, 31
What are the prime factors of 2006?
2, 17, 59
List the prime factors of 91894.
2, 11, 4177
List the prime factors of 252.
2, 3, 7
List the prime factors of 1631.
7, 233
List the prime factors of 4663.
4663
What are the prime factors of 2607?
3, 11, 79
List the prime factors of 50018.
2, 89, 281
What are the prime factors of 15436?
2, 17, 227
List the prime factors of 4489.
67
List the prime factors of 57960.
2, 3, 5, 7, 23
List the prime factors of 23577.
3, 29, 271
What are the prime factors of 18717?
3, 17, 367
What are the prime factors of 3952?
2, 13, 19
What are the prime factors of 6755?
5, 7, 193
What are the prime factors of 1797?
3, 599
List the prime factors of 54661.
47, 1163
What are the prime factors of 25043?
79, 317
What are the prime factors of 2505?
3, 5, 167
What are the prime factors of 11657?
11657
List the prime factors of 4714.
2, 2357
What are the prime factors of 6983?
6983
List the prime factors of 39739.
7, 811
What are the prime factors of 2236?
2, 13, 43
What are the prime factors of 3778?
2, 1889
What are the prime factors of 655?
5, 131
List the prime factors of 2480.
2, 5, 31
What are the prime factors of 29040?
2, 3, 5, 11
List the prime factors of 1482.
2, 3, 13, 19
What are the prime factors of 10489?
17, 617
List the prime factors of 228.
2, 3, 19
List the prime factors of 85156.
2, 61, 349
What are the prime factors of 137447?
137447
What are the prime factors of 2119?
13, 163
List the prime factors of 23149.
7, 3307
List the prime factors of 2988.
2, 3, 83
What are the prime factors of 38546?
2, 19273
What are the prime factors of 4349?
4349
What are the prime factors of 1844?
2, 461
What are the prime factors of 4076?
2, 1019
List the prime factors of 125544.
2, 3, 5231
List the prime factors of 2688.
2, 3, 7
What are the prime factors of 714?
2, 3, 7, 17
What are the prime factors of 133115?
5, 79, 337
List the prime factors of 9804.
2, 3, 19, 43
What are the prime factors of 3317?
31, 107
What are the prime factors of 26380?
2, 5, 1319
List the prime factors of 1283.
1283
What are the prime factors of 25556?
2, 6389
What are the prime factors of 2766?
2, 3, 461
What are the prime factors of 541?
541
List the prime factors of 194.
2, 97
What are the prime factors of 2861?
2861
List the prime factors of 238.
2, 7, 17
List the prime factors of 17064.
2, 3, 79
List the prime factors of 1910.
2, 5, 191
What are the prime factors of 687?
3, 229
What are the prime factors of 1794?
2, 3, 13, 23
What are the prime factors of 9835?
5, 7, 281
What are the prime factors of 4663?
4663
List the prime factors of 2042.
2, 1021
What are the prime factors of 7876?
2, 11, 179
List the prime factors of 3107.
13, 239
List the prime factors of 1785.
3, 5, 7, 17
What are the prime factors of 3295?
5, 659
List the prime factors of 6083.
7, 11, 79
What are the prime factors of 2425?
5, 97
List the prime factors of 2688.
2, 3, 7
What are the prime factors of 772?
2, 193
List the prime factors of 39126.
2, 3, 6521
What are the prime factors of 744?
2, 3, 31
List the prime factors of 6261.
3, 2087
What are the prime factors of 1494?
2, 3, 83
List the prime factors of 563.
563
What are the prime factors of 8138?
2, 13, 313
List the prime factors of 125905.
5, 13, 149
List the prime factors of 29670.
2, 3, 5, 23, 43
List the prime factors of 4557.
3, 7, 31
What are the prime factors of 16687?
11, 37, 41
What are the prime factors of 1506?
2, 3, 251
List the prime factors of 1668.
2, 3, 139
List the prime factors of 1200.
2, 3, 5
List the prime factors of 783.
3, 29
List the prime factors of 14820.
2, 3, 5, 13, 19
What are the prime factors of 44999?
17, 2647
What are the prime factors of 2236?
2, 13, 43
List the prime factors of 8582.
2, 7, 613
What are the prime factors of 926?
2, 463
List the prime factors of 190034.
2, 13, 7309
What are the prime factors of 34077?
3, 37, 307
List the prime factors of 486.
2, 3
List the prime factors of 113.
113
What are the prime factors of 27281?
27281
What are the prime factors of 7037?
31, 227
List the prime factors of 110618.
2, 19, 41, 71
What are the prime factors of 49275?
3, 5, 73
List the prime factors of 197.
197
What are the prime factors of 2989?
7, 61
List the prime factors of 25565.
5, 5113
What are the prime factors of 26642?
2, 7, 11, 173
What are the prime factors of 16605?
3, 5, 41
What are the prime factors of 1066?
2, 13, 41
List the prime factors of 1690.
2, 5, 13
List the prime factors of 13.
13
What are the prime factors of 4394?
2, 13
List the prime factors of 28366.
2, 13, 1091
List the prime factors of 2351.
2351
What are the prime factors of 30625?
5, 7
List the prime factors of 1361.
1361
List the prime factors of 389.
389
What are the prime factors of 1736?
2, 7, 31
List the prime factors of 6333.
3, 2111
List the prime factors of 3749.
23, 163
List the prime factors of 1256.
2, 157
What are the prime factors of 861?
3, 7, 41
List the prime factors of 19405.
5, 3881
List the prime factors of 5823.
3, 647
List the prime factors of 2611.
7, 373
What are the prime factors of 3514?
2, 7, 251
List the prime factors of 1095.
3, 5, 73
What are the prime factors of 802?
2, 401
What are the prime factors of 2887?
2887
List the prime factors of 3747.
3, 1249
List the prime factors of 1164.
2, 3, 97
List the prime factors of 371.
7, 53
What are the prime factors of 21448?
2, 7, 383
List the prime factors of 59595.
3, 5, 29, 137
What are the prime factors of 128122?
2, 29, 47
List the prime factors of 36403.
59, 617
What are the prime factors of 2481?
3, 827
List the prime factors of 467.
467
List the prime factors of 21765.
3, 5, 1451
What are the prime factors of 3341?
13, 257
List the prime factors of 1569.
3, 523
What are the prime factors of 844?
2, 211
What are the prime factors of 77239?
77239
List the prime factors of 1279.
1279
List the prime factors of 9327.
3, 3109
List the prime factors of 1940.
2, 5, 97
What are the prime factors of 27430?
2, 5, 13, 211
List the prime factors of 736.
2, 23
What are the prime factors of 37146?
2, 3, 41, 151
List the prime factors of 53.
53
List the prime factors of 16587.
3, 19, 97
What are the prime factors of 1308?
2, 3, 109
What are the prime factors of 186?
2, 3, 31
What are the prime factors of 9083?
31, 293
List the prime factors of 14510.
2, 5, 1451
List the prime factor